/(3/(-6)). Suppose -5*v - o = -41, -o = -3*v - 0*o + p. Suppose v*z - 7*z = 131. List the prime factors of z.
131
Suppose -7*m - 176 = -15*m. Suppose -15*n + 13*n - m = 0. What are the prime factors of (-75)/1*11/n?
3, 5
Suppose -20605*r - 18823 = -20612*r. List the prime factors of r.
2689
Let m = -495 + 493. Suppose 0 = 3*c + 3*t + 27, 12 = -3*t - 3. List the prime factors of (-3*c/(-6))/(m/149).
149
Suppose -58*d = -15*d - 142545. What are the prime factors of d?
3, 5, 13, 17
Suppose -4*x - 197 = -37. Let l be (18/8 + -3)*x. Let u = -2 + l. What are the prime factors of u?
2, 7
Let s = -6573 + 11194. List the prime factors of s.
4621
Suppose -2*t = 3*a - 161388, 5*a - 1297*t = -1298*t + 268966. List the prime factors of a.
2, 41
Let g(o) = 2*o**2 - 79*o - 35. Let r be g(40). Suppose 0 = -15*x - r*x + 300. What are the prime factors of x?
3, 5
Let u = 21702 + 12423. List the prime factors of u.
3, 5, 7, 13
Let x(q) = -q**3 - 66*q**2 - 37*q - 470. What are the prime factors of x(-67)?
2, 3, 19
Suppose 0 = -5*h + 5*p - 2655, 380 = -5*h - p - 2245. Let d = h + 870. What are the prime factors of d?
2, 43
Let f(m) = -86*m + 37. Let j be f(-4). Let t = j + -268. List the prime factors of t.
113
Let g(j) = -j**3 + 4*j**2 - 2*j - 9. Let p be g(6). Let m = 73 + p. Let v = m - -95. List the prime factors of v.
3, 5
Let n(k) = k**3 + 6*k**2 - 2*k - 7. Let c be n(-5). Let j = c + 210. What are the prime factors of j?
2, 7, 17
Let p = 2032 - -9027. List the prime factors of p.
11059
What are the prime factors of ((-232)/(-6))/((-9725)/113025 - 1/(-11))?
2, 29, 137
Let y(r) = r**3 + 15*r**2 + 14*r + 1. Let j = 202 - 211. List the prime factors of y(j).
19
Suppose -9 - 6 = 5*f. Let a be -3 + (f - -2 - 1). What are the prime factors of (5/(-3))/(a/165)?
5, 11
Let u(z) = z**3 + 8*z**2 - 21*z. Let k(n) = -4*n - 2. Let p be k(2). Let f be u(p). Suppose f*d - 4*d = 222. What are the prime factors of d?
37
Suppose 3*c + 5*v = -8, -2*c + 5*v + 21 = -7. Suppose -668 + 2196 = c*g. List the prime factors of g.
2, 191
Let z(a) = a**2 + 2*a - 4. Let d(h) = -4*h**2 - 5*h + 10. Let m(n) = -2*d(n) - 7*z(n). Let j be m(3). Suppose 117 = -4*b + j*b. What are the prime factors of b?
3, 13
Let b = 2821 + -1165. Let v = -642 + b. List the prime factors of v.
2, 3, 13
Let w(r) be the third derivative of -1/2*r**3 + 0*r - 1/60*r**6 - 4*r**2 + 1/30*r**5 + 0 + 0*r**4. List the prime factors of w(-3).
3, 23
Suppose -3*w = 4*v - 43212 - 25974, -2*v + 4*w + 34560 = 0. What are the prime factors of v?
2, 3, 11, 131
List the prime factors of 2916/(-54)*126/(-3 + 2).
2, 3, 7
Let b(q) = 72*q - 154. Let r be (-135)/(-9 - 0) + -6. List the prime factors of b(r).
2, 13, 19
Suppose 0 = 26*q - 182563 + 6127. List the prime factors of q.
2, 3, 13, 29
Let h(y) = -y**3 - 16*y**2 + 3*y - 27. Let d be h(-17). Let j be d + 1*(4 - 3). Let w = 417 - j. What are the prime factors of w?
5, 41
Suppose 0 = 5*q + 4*p + 2722 - 9014, 5*p - 5039 = -4*q. List the prime factors of q.
2, 157
Let z(s) = -91*s - 74. Let b be z(-6). Suppose -80 = 4*t - b. List the prime factors of t.
2, 7
Suppose 13*s = 18*s - 935. Let d = 450 - s. What are the prime factors of d?
263
Let g(n) = n**3 + 15*n**2 + 8. Suppose 4*v - 7 = 9, 22 = -5*k - 2*v. List the prime factors of g(k).
2, 83
Let i(t) = 52*t**3 + 20*t**2 - 179*t + 139. List the prime factors of i(7).
2, 53, 167
Let m(n) = 224*n + 1191. What are the prime factors of m(4)?
2087
Let t = 12507 - 5567. List the prime factors of t.
2, 5, 347
Let n = -14389 - -20304. What are the prime factors of n?
5, 7, 13
Let n(x) = -23*x**3 - 78*x**2 - 107*x + 4. Let k(u) = 8*u**3 + 26*u**2 + 36*u - 1. Let h(z) = 17*k(z) + 6*n(z). List the prime factors of h(-13).
397
Suppose 6*x + 11*x = 34. Suppose -3*v = o - 2*o - 661, -2*v + x*o = -446. What are the prime factors of v?
3, 73
Let g(a) be the third derivative of a**4/12 - 4*a**3 - 16*a**2. Let t be g(14). Suppose -2*v + t*v = 120. What are the prime factors of v?
2, 3, 5
Let c be 4*15/24 - (-2)/4. Let n = 57 + c. What are the prime factors of (n/25)/((-8)/(-100))?
2, 3, 5
Let l = 330 - -18. Suppose 0 = d - m - l, -5*d = 5*m - 2369 + 629. What are the prime factors of d?
2, 3, 29
Suppose 12 = -2*o + 5*o, 0 = -5*k + 3*o + 2593. Let m = k + 401. What are the prime factors of m?
2, 461
Let q(m) = 311*m**2 - 318*m + 1269. What are the prime factors of q(4)?
4973
Let p be 2/((-112)/52 + 2). Let t(w) = -4*w - 52. Let g be t(p). Suppose g = 4*o - 0*y + 2*y - 678, -o + 5*y + 175 = 0. What are the prime factors of o?
2, 5, 17
Suppose -2*n + 264664 = 49*l - 45*l, 2*l - 3*n = 132316. List the prime factors of l.
2, 7, 17, 139
Let p = 52863 - 28987. What are the prime factors of p?
2, 47, 127
Suppose n - 3 = 7*y, -3*y = n - 4*y - 3. Let g(j) = 285*j. Let m be g(2). Suppose -3*t + 128 = b, 8*b - n*b - m = -t. What are the prime factors of b?
113
Suppose 4*l = c - 59, 0 = 13*l - 15*l - 2*c - 22. List the prime factors of (56/l)/((-1)/27).
2, 3
Let n(v) = v**3 - 11*v**2 - 2*v - 11. Let p be n(11). Let c = p + 37. Suppose c*q = -q + 65. List the prime factors of q.
13
Let c = 343 + -338. Suppose -5*d + 240 = -c*r, 6*d - 3*r = -2*r + 263. List the prime factors of d.
43
Let l(z) = -2*z + 1. Let w(y) = y**2 - 19*y + 66. Let v(m) = -6*l(m) - w(m). What are the prime factors of v(20)?
2, 37
Let s = -366 - -365. What are the prime factors of (12/10)/(s + 2358/2355)?
2, 3, 157
Suppose 0 = 5*q - 3*q + 2*b + 4, -2*q - 9 = 3*b. Suppose q*h + 5*s + 405 = 1969, -2*h + 1043 = 3*s. What are the prime factors of h?
523
Suppose 0 = -83*l - 189623 + 1092414. What are the prime factors of l?
73, 149
What are the prime factors of 415/(-2)*(-35)/(2800/864)?
3, 83
Let s(y) = 91*y + 78. Let q be 11 + ((-40)/(-24))/((-1)/3). List the prime factors of s(q).
2, 3, 13
Suppose 940 = 4*c - x, -2*c - c + 704 = -x. Let d = -88 + c. List the prime factors of d.
2, 37
Let x(t) = -36*t + 8. Let h(m) = 35*m - 9. Let o(a) = 5*h(a) + 6*x(a). Suppose 3*i = i - 6. List the prime factors of o(i).
2, 3, 7
Let c(m) = 2661*m + 12577. List the prime factors of c(0).
12577
Suppose 5*z = -5*d + 26470, -4*z + 27273 - 6103 = -2*d. What are the prime factors of z?
67, 79
Let i(x) = 52*x + 1. Let n(r) = -r**2 + 14*r + 3. Let h be n(14). Let y(m) = -155*m - 4. Let d(o) = h*y(o) + 8*i(o). List the prime factors of d(-1).
3, 5
Suppose q - 3766 = -2*m + 3964, 15514 = 2*q - 5*m. What are the prime factors of q?
2, 7, 79
Let d = 17694 - 10101. What are the prime factors of d?
3, 2531
Let m = -45440 - -85059. List the prime factors of m.
39619
List the prime factors of 378/252*(0 + 2258).
3, 1129
Let f(m) be the third derivative of -m**6/120 - 3*m**5/20 - m**4/12 + m**3/3 + 11*m**2 + 3. What are the prime factors of f(-11)?
2, 7, 19
Let d(x) = 0*x**3 + 10*x + 4*x**3 + 3*x**3 - 8*x**3 - 59 + 10*x**2. What are the prime factors of d(7)?
2, 79
Let g(x) = -18*x**3 + 14*x**2 + 55*x + 106. What are the prime factors of g(-11)?
25153
Let c(f) = f**3 - 12*f**2 + 18*f + 26. Let p be (-238)/(-22) - 10/(-55). What are the prime factors of c(p)?
103
Let o(q) = -q**3 + 38*q**2 - 24*q + 9. What are the prime factors of o(36)?
3, 193
Let q be -102*-4*5/(-30). Let f = -62 - q. Suppose 0 = 4*n - 5*r - 102, 119 = -n + f*n - 2*r. List the prime factors of n.
23
Let f(r) = r**3 - 2*r**2 - 2*r + 11. Let v be f(0). Suppose -v*m - 500 = -13*m. Let a = m - 15. What are the prime factors of a?
5, 47
Suppose -13*p = 4*p - 6936. Suppose 0 = b + 3*b - p. Suppose -b - 98 = -i. List the prime factors of i.
2, 5
Suppose -3*t - 1624 = -i, -2*i - 5 = -7*i. Let w be (t/(-5) - 1/5) + 1. Suppose -2*y = -2*s + 284, 4*y + 42 = s - w. What are the prime factors of s?
139
Let l be (-6)/8 - (-4 - 2/(-8)). Suppose a - 1268 = l*b, -2*a - b + 4*b = -2539. What are the prime factors of a?
31, 41
Let l(k) = -17*k - 81. Let r be l(-2). What are the prime factors of (-126)/4*(r/7 - -5)?
2, 3
Let x(k) = 75*k**3 + 2*k - 2. Let p(j) = -2*j + 9. Let d be p(8). Let c(a) = 113*a**3 + 3*a - 3. Let q(g) = d*x(g) + 5*c(g). What are the prime factors of q(1)?
2, 5
Let j(h) = -4*h**2 + h + 5. Let m be j(0). What are the prime factors of 1584/90*5*1 + m?
3, 31
Let h(q) be the first derivative of 7*q**4/6 - 5*q**3/6 - 5*q**2/2 - 7*q + 19. Let b(d) be the firs